{"id":13148,"date":"2018-10-02T14:14:06","date_gmt":"2018-10-02T14:14:06","guid":{"rendered":"https:\/\/themicart.com\/interico-wpb\/?page_id=13148"},"modified":"2022-11-25T12:44:43","modified_gmt":"2022-11-25T11:44:43","slug":"kontakti","status":"publish","type":"page","link":"https:\/\/mobileriawalker.com\/index.php\/kontakti\/","title":{"rendered":"Kontakti"},"content":{"rendered":"<section class=\"wpb-content-wrapper\"><p>[vc_row full_width=&#8221;stretch_row&#8221; css=&#8221;.vc_custom_1668676697357{padding-bottom: 60px !important;background: #0f0f0f url(https:\/\/mobileriawalker.com\/wp-content\/uploads\/2018\/10\/vertical-grid-5.png?id=12972) !important;background-position: 0 0 !important;background-repeat: repeat !important;}&#8221; el_class=&#8221;overflow-visible&#8221;][vc_column][vc_row_inner el_class=&#8221;overflow-visible&#8221; css=&#8221;.vc_custom_1536850646312{margin-top: -30px !important;}&#8221;][vc_column_inner width=&#8221;1\/3&#8243;]<a href=\"tel:+383%2049%20303%20550\"><div class=\"feature-box icon-top-centered box-hovered spacing-30 spacing-mob-30 dark\" style=\"background-color:#070707\"><span class=\"lnr lnr-phone\"><\/span><div class=\"content-wrapper\"><h3 class=\"feature-title\">+383 (0) 44 303 550<\/h3><p class=\"feature-text\">Na telefononi n\u00eb \u00e7do koh\u00eb nga ora 09:00 deri n\u00eb or\u00ebn 19:00 t\u00eb H\u00ebn\u00ebn deri t\u00eb Shtun\u00ebn<\/p><div class=\"btn-read-more\">Thirr tani<\/div><\/div><\/div><\/a>[\/vc_column_inner][vc_column_inner width=&#8221;1\/3&#8243;]<a href=\"mailto:info@mobileriawalker.com\"><div class=\"feature-box icon-top-centered box-hovered spacing-30 spacing-mob-30 dark\" style=\"background-color:#070707\"><span class=\"lnr lnr-envelope\"><\/span><div class=\"content-wrapper\"><h3 class=\"feature-title\">info@mobileriawalker.com<\/h3><p class=\"feature-text\">Na d\u00ebrgoni email n\u00eb \u00e7do koh\u00eb, ne zakonisht p\u00ebrgjigjemi brenda 24 or\u00ebve<\/p><div class=\"btn-read-more\">D\u00ebrgo Email<\/div><\/div><\/div><\/a>[\/vc_column_inner][vc_column_inner width=&#8221;1\/3&#8243;]<a href=\"https:\/\/goo.gl\/maps\/vwkieVAJYwDKFQYM9\"><div class=\"feature-box icon-top-centered box-hovered spacing-30 spacing-mob-30 dark\" style=\"background-color:#070707\"><span class=\"lnr lnr-home\"><\/span><div class=\"content-wrapper\"><h3 class=\"feature-title\">Magjistralja Prishtin\u00eb \u2013 Ferizaj, Km.10, pran\u00eb rrethit t\u00eb Lipjanit.<\/h3><p class=\"feature-text\">Lokacionin mund ta gjeni duke klikuar n\u00eb Google Maps<\/p><div class=\"btn-read-more\">Shiko n\u00eb Google Maps<\/div><\/div><\/div><\/a>[\/vc_column_inner][\/vc_row_inner][\/vc_column][\/vc_row][vc_row full_width=&#8221;stretch_row&#8221; css=&#8221;.vc_custom_1538489710716{padding-top: 80px !important;padding-bottom: 120px !important;background-position: 0 0 !important;background-repeat: repeat !important;}&#8221;][vc_column width=&#8221;1\/2&#8243;][vc_gmaps link=&#8221;#E-8_JTNDaWZyYW1lJTIwc3JjJTNEJTIyaHR0cHMlM0ElMkYlMkZ3d3cuZ29vZ2xlLmNvbSUyRm1hcHMlMkZlbWJlZCUzRnBiJTNEJTIxMW0xNCUyMTFtOCUyMTFtMyUyMTFkMTE3NTQuOTg5NjkzMDU3MjgxJTIxMmQyMS4xMjQ0NzQwNjk3NzUzOSUyMTNkNDIuNTYwNjU1OCUyMTNtMiUyMTFpMTAyNCUyMTJpNzY4JTIxNGYxMy4xJTIxM20zJTIxMW0yJTIxMXMweDAlMjUzQTB4NTE2NDFlYzFiYWYyMTQwZSUyMTJzTW9iaWxlcmlhJTI1MjBXYWxrZXIlMjE1ZTAlMjEzbTIlMjExc2VuJTIxMnMlMjE0djE2Njg2MDE5OTAwODklMjE1bTIlMjExc2VuJTIxMnMlMjIlMjB3aWR0aCUzRCUyMjYwMCUyMiUyMGhlaWdodCUzRCUyMjQ1MCUyMiUyMHN0eWxlJTNEJTIyYm9yZGVyJTNBMCUyMiUyMGFsbG93ZnVsbHNjcmVlbiUzRSUzQyUyRmlmcmFtZSUzRQ==&#8221;][\/vc_column][vc_column width=&#8221;1\/2&#8243;][vc_row_inner el_class=&#8221;overlap-left&#8221;][vc_column_inner el_class=&#8221;shadow-box form-dark&#8221;]<span class=\"subtitle dash-false style-dark text-default\">Forma e Kontaktit<\/span>[vc_column_text]<\/p>\n<h2><strong><span style=\"color: #ed1c24;\">Keni ndonj\u00eb pyetje?<\/span> Le t\u00eb flasim p\u00ebr k\u00ebrkes\u00ebn tuaj.<\/strong><\/h2>\n<p>[\/vc_column_text]<div class=\"dash style-dark default\"><\/div><div class=\"wpcf7 no-js\" id=\"wpcf7-f6793-o1\" lang=\"en-US\" dir=\"ltr\">\n<div class=\"screen-reader-response\"><p role=\"status\" aria-live=\"polite\" aria-atomic=\"true\"><\/p> <ul><\/ul><\/div>\n<form action=\"\/index.php\/wp-json\/wp\/v2\/pages\/13148#wpcf7-f6793-o1\" method=\"post\" class=\"wpcf7-form init\" aria-label=\"Contact form\" novalidate=\"novalidate\" data-status=\"init\">\n<div style=\"display: none;\">\n<input type=\"hidden\" name=\"_wpcf7\" value=\"6793\" \/>\n<input type=\"hidden\" name=\"_wpcf7_version\" value=\"5.7.1\" \/>\n<input type=\"hidden\" name=\"_wpcf7_locale\" value=\"en_US\" \/>\n<input type=\"hidden\" name=\"_wpcf7_unit_tag\" value=\"wpcf7-f6793-o1\" \/>\n<input type=\"hidden\" name=\"_wpcf7_container_post\" value=\"0\" \/>\n<input type=\"hidden\" name=\"_wpcf7_posted_data_hash\" value=\"\" \/>\n<\/div>\n<p><span class=\"wpcf7-form-control-wrap\" data-name=\"your-name\"><input size=\"40\" class=\"wpcf7-form-control wpcf7-text wpcf7-validates-as-required\" aria-required=\"true\" aria-invalid=\"false\" placeholder=\"Emri\" value=\"\" type=\"text\" name=\"your-name\" \/><\/span>\n<\/p>\n<p><span class=\"wpcf7-form-control-wrap\" data-name=\"your-email\"><input size=\"40\" class=\"wpcf7-form-control wpcf7-text wpcf7-email wpcf7-validates-as-required wpcf7-validates-as-email\" aria-required=\"true\" aria-invalid=\"false\" placeholder=\"Email\" value=\"\" type=\"email\" name=\"your-email\" \/><\/span>\n<\/p>\n<p><span class=\"wpcf7-form-control-wrap\" data-name=\"your-subject\"><input size=\"40\" class=\"wpcf7-form-control wpcf7-text wpcf7-validates-as-required\" aria-required=\"true\" aria-invalid=\"false\" placeholder=\"Subjekti\" value=\"\" type=\"text\" name=\"your-subject\" \/><\/span>\n<\/p>\n<p><span class=\"wpcf7-form-control-wrap\" data-name=\"your-message\"><textarea cols=\"5\" rows=\"1\" class=\"wpcf7-form-control wpcf7-textarea wpcf7-validates-as-required\" aria-required=\"true\" aria-invalid=\"false\" placeholder=\"Pershendetje jam i interesuar per...\" name=\"your-message\"><\/textarea><\/span>\n<\/p>\n<p><input class=\"wpcf7-form-control has-spinner wpcf7-submit\" type=\"submit\" value=\"D\u00ebrgo\" \/>\n<\/p><div class=\"wpcf7-response-output\" aria-hidden=\"true\"><\/div><\/form><\/div>[\/vc_column_inner][\/vc_row_inner][\/vc_column][\/vc_row]<\/p>\n<\/section>","protected":false},"excerpt":{"rendered":"<p>[vc_row full_width=&#8221;stretch_row&#8221; css=&#8221;.vc_custom_1668676697357{padding-bottom: 60px !important;background: #0f0f0f url(https:\/\/mobileriawalker.com\/wp-content\/uploads\/2018\/10\/vertical-grid-5.png?id=12972) !important;background-position: 0 0 !important;background-repeat: repeat !important;}&#8221; el_class=&#8221;overflow-visible&#8221;][vc_column][vc_row_inner el_class=&#8221;overflow-visible&#8221; css=&#8221;.vc_custom_1536850646312{margin-top: -30px !important;}&#8221;][vc_column_inner width=&#8221;1\/3&#8243;][\/vc_column_inner][vc_column_inner width=&#8221;1\/3&#8243;][\/vc_column_inner][vc_column_inner width=&#8221;1\/3&#8243;][\/vc_column_inner][\/vc_row_inner][\/vc_column][\/vc_row][vc_row full_width=&#8221;stretch_row&#8221; css=&#8221;.vc_custom_1538489710716{padding-top: 80px !important;padding-bottom: 120px !important;background-position: 0 0 !important;background-repeat: repeat !important;}&#8221;][vc_column width=&#8221;1\/2&#8243;][vc_gmaps link=&#8221;#E-8_JTNDaWZyYW1lJTIwc3JjJTNEJTIyaHR0cHMlM0ElMkYlMkZ3d3cuZ29vZ2xlLmNvbSUyRm1hcHMlMkZlbWJlZCUzRnBiJTNEJTIxMW0xNCUyMTFtOCUyMTFtMyUyMTFkMTE3NTQuOTg5NjkzMDU3MjgxJTIxMmQyMS4xMjQ0NzQwNjk3NzUzOSUyMTNkNDIuNTYwNjU1OCUyMTNtMiUyMTFpMTAyNCUyMTJpNzY4JTIxNGYxMy4xJTIxM20zJTIxMW0yJTIxMXMweDAlMjUzQTB4NTE2NDFlYzFiYWYyMTQwZSUyMTJzTW9iaWxlcmlhJTI1MjBXYWxrZXIlMjE1ZTAlMjEzbTIlMjExc2VuJTIxMnMlMjE0djE2Njg2MDE5OTAwODklMjE1bTIlMjExc2VuJTIxMnMlMjIlMjB3aWR0aCUzRCUyMjYwMCUyMiUyMGhlaWdodCUzRCUyMjQ1MCUyMiUyMHN0eWxlJTNEJTIyYm9yZGVyJTNBMCUyMiUyMGFsbG93ZnVsbHNjcmVlbiUzRSUzQyUyRmlmcmFtZSUzRQ==&#8221;][\/vc_column][vc_column width=&#8221;1\/2&#8243;][vc_row_inner el_class=&#8221;overlap-left&#8221;][vc_column_inner el_class=&#8221;shadow-box form-dark&#8221;][vc_column_text] Keni ndonj\u00eb pyetje? Le t\u00eb flasim p\u00ebr k\u00ebrkes\u00ebn tuaj. [\/vc_column_text][\/vc_column_inner][\/vc_row_inner][\/vc_column][\/vc_row]<\/p>\n","protected":false},"author":1,"featured_media":0,"parent":0,"menu_order":0,"comment_status":"closed","ping_status":"closed","template":"","meta":{"footnotes":""},"class_list":["post-13148","page","type-page","status-publish","hentry"],"acf":[],"_links":{"self":[{"href":"https:\/\/mobileriawalker.com\/index.php\/wp-json\/wp\/v2\/pages\/13148","targetHints":{"allow":["GET"]}}],"collection":[{"href":"https:\/\/mobileriawalker.com\/index.php\/wp-json\/wp\/v2\/pages"}],"about":[{"href":"https:\/\/mobileriawalker.com\/index.php\/wp-json\/wp\/v2\/types\/page"}],"author":[{"embeddable":true,"href":"https:\/\/mobileriawalker.com\/index.php\/wp-json\/wp\/v2\/users\/1"}],"replies":[{"embeddable":true,"href":"https:\/\/mobileriawalker.com\/index.php\/wp-json\/wp\/v2\/comments?post=13148"}],"version-history":[{"count":14,"href":"https:\/\/mobileriawalker.com\/index.php\/wp-json\/wp\/v2\/pages\/13148\/revisions"}],"predecessor-version":[{"id":13701,"href":"https:\/\/mobileriawalker.com\/index.php\/wp-json\/wp\/v2\/pages\/13148\/revisions\/13701"}],"wp:attachment":[{"href":"https:\/\/mobileriawalker.com\/index.php\/wp-json\/wp\/v2\/media?parent=13148"}],"curies":[{"name":"wp","href":"https:\/\/api.w.org\/{rel}","templated":true}]}}